{"id":8639,"date":"2025-10-07T22:23:29","date_gmt":"2025-10-07T20:23:29","guid":{"rendered":"https:\/\/dilmah-ingatlan.hu\/?post_type=product&#038;p=8639"},"modified":"2025-10-11T12:34:50","modified_gmt":"2025-10-11T10:34:50","slug":"budapest-viii-kerulet-vajdahunyad-utca-elado-tegla-lakas-75-m2","status":"publish","type":"product","link":"https:\/\/dilmah-ingatlan.hu\/?product=budapest-viii-kerulet-vajdahunyad-utca-elado-tegla-lakas-75-m2","title":{"rendered":"Budapest VIII. ker\u00fclet, Vajdahunyad utca, Elad\u00f3 t\u00e9gla lak\u00e1s"},"content":{"rendered":"<p data-start=\"167\" data-end=\"370\">A VIII. ker\u00fcletben, a Corvin Pl\u00e1za bej\u00e1rat\u00e1t\u00f3l mind\u00f6ssze <strong data-start=\"224\" data-end=\"238\">50 m\u00e9terre<\/strong> tal\u00e1lhat\u00f3 ez a <strong data-start=\"254\" data-end=\"266\">75 m\u00b2-es<\/strong>, <strong data-start=\"268\" data-end=\"290\">nappali + 3 szob\u00e1s<\/strong>, <strong data-start=\"292\" data-end=\"304\">erk\u00e9lyes<\/strong>, <strong data-start=\"306\" data-end=\"327\">fel\u00faj\u00edtand\u00f3 lak\u00e1s<\/strong> egy <strong data-start=\"332\" data-end=\"367\">j\u00f3 \u00e1llapot\u00fa, liftes t\u00e9glah\u00e1zban<\/strong>.<\/p>\n<p data-start=\"372\" data-end=\"636\">A lak\u00e1s <strong data-start=\"380\" data-end=\"399\">remek eloszt\u00e1s\u00fa<\/strong>: t\u00e1gas nappali, h\u00e1rom k\u00fcl\u00f6n ny\u00edl\u00f3 szoba, konyha, kamra, el\u0151szoba, valamint k\u00fcl\u00f6n f\u00fcrd\u0151 \u00e9s WC tal\u00e1lhat\u00f3 benne. A <strong data-start=\"512\" data-end=\"545\">nappalib\u00f3l nagy m\u00e9ret\u0171 erk\u00e9ly<\/strong> ny\u00edlik, amely <strong data-start=\"560\" data-end=\"585\">d\u00e9lnyugati fekv\u00e9s\u00e9nek<\/strong> k\u00f6sz\u00f6nhet\u0151en <strong data-start=\"599\" data-end=\"623\">napf\u00e9nyes \u00e9s vil\u00e1gos<\/strong> eg\u00e9sz nap.<\/p>\n<p data-start=\"638\" data-end=\"812\">A <strong data-start=\"640\" data-end=\"661\">f\u0171t\u00e9s h\u00e1zk\u00f6zponti<\/strong>, amelyet a <strong data-start=\"673\" data-end=\"705\">k\u00f6z\u00f6s k\u00f6lts\u00e9g (36 000 Ft\/h\u00f3)<\/strong> tartalmaz. A t\u00e1rsash\u00e1z <strong data-start=\"729\" data-end=\"760\">rendezett, j\u00f3 lak\u00f3k\u00f6z\u00f6ss\u00e9g\u0171<\/strong>, lift \u00e9s <strong data-start=\"770\" data-end=\"788\">ker\u00e9kp\u00e1rt\u00e1rol\u00f3<\/strong> is rendelkez\u00e9sre \u00e1ll.<\/p>\n<p data-start=\"814\" data-end=\"981\">Kiv\u00e1l\u00f3 elhelyezked\u00e9s\u00e9nek k\u00f6sz\u00f6nhet\u0151en a <strong data-start=\"854\" data-end=\"871\">Corvin Negyed<\/strong> szolg\u00e1ltat\u00e1sai, \u00fczletei, k\u00e1v\u00e9z\u00f3i, valamint a <strong data-start=\"917\" data-end=\"951\">M3-as metr\u00f3 \u00e9s 4\u20136-os villamos<\/strong> mind p\u00e1r l\u00e9p\u00e9sre el\u00e9rhet\u0151k.<\/p>\n<p data-start=\"983\" data-end=\"1160\">Ez a lak\u00e1s <strong data-start=\"994\" data-end=\"1057\">remek v\u00e1laszt\u00e1s befektet\u0151knek vagy saj\u00e1t otthont keres\u0151knek<\/strong>, akik egy <strong data-start=\"1068\" data-end=\"1123\">j\u00f3 adotts\u00e1gokkal rendelkez\u0151, vil\u00e1gos polg\u00e1ri lak\u00e1st<\/strong> szeretn\u00e9nek <strong data-start=\"1136\" data-end=\"1157\">Budapest sz\u00edv\u00e9ben<\/strong>.<\/p>\n<div><span style=\"font-family: Arial, sans-serif\"><b>Szab\u00f3 N\u00f3ra<\/b><\/span><\/div>\n<div><i style=\"color: #222222;font-family: Arial, sans-serif\">Kiemelt \u00c9rt\u00e9kes\u00edt\u0151<\/i><\/div>\n<div><b style=\"font-family: Arial, sans-serif\">Dilmah Group Kft.<\/b><\/div>\n<div>Telefon:\u00a0<a>+36-70-326-5827<\/a><\/div>\n<div><span style=\"color: #222222\">E-mail:\u00a0<\/span><a href=\"mailto:ingatlaniroda.kinga.aa@gmail.com\" target=\"_blank\" rel=\"noopener\">ingatlaniroda.livia.aa@gmail.com<\/a><\/div>\n","protected":false},"excerpt":{"rendered":"<p style=\"text-align: center\"><strong data-start=\"82\" data-end=\"163\">Vil\u00e1gos, napf\u00e9nyes, erk\u00e9lyes lak\u00e1s a Corvin Pl\u00e1z\u00e1n\u00e1l \u2013 liftes, polg\u00e1ri h\u00e1zban<\/strong><\/p>\n<p style=\"text-align: center\">\u00c1r: 85 000 000.- HUF \/ Alapter\u00fclet 75 m2 \/ Szob\u00e1k 4<\/p>\n<p><img loading=\"lazy\" class=\"size-medium wp-image-8652 aligncenter\" src=\"https:\/\/dilmah-ingatlan.hu\/wp-content\/uploads\/2025\/10\/b1d983f917665b92791eea445b9dd4de-300x225.jpg\" alt=\"\" width=\"300\" height=\"225\" \/><\/p>\n<p><img loading=\"lazy\" class=\"size-medium wp-image-8650 aligncenter\" src=\"https:\/\/dilmah-ingatlan.hu\/wp-content\/uploads\/2025\/10\/3dcc77c9a1e75fa5cf525db03836b810-300x225.jpg\" alt=\"\" width=\"300\" height=\"225\" \/><\/p>\n<p><img loading=\"lazy\" class=\"size-medium wp-image-8651 aligncenter\" src=\"https:\/\/dilmah-ingatlan.hu\/wp-content\/uploads\/2025\/10\/96d3e6c08ab7698b267f7f7ddb80eb66-300x225.jpg\" alt=\"\" width=\"300\" height=\"225\" \/><\/p>\n<p><img loading=\"lazy\" class=\"size-medium wp-image-8649 aligncenter\" src=\"https:\/\/dilmah-ingatlan.hu\/wp-content\/uploads\/2025\/10\/0db3538691deebdf4cda430c2c97d52a-300x225.jpg\" alt=\"\" width=\"300\" height=\"225\" \/><\/p>\n<p><img loading=\"lazy\" class=\"size-medium wp-image-8641 aligncenter\" src=\"https:\/\/dilmah-ingatlan.hu\/wp-content\/uploads\/2025\/10\/alaprajz-3-300x279.jpg\" alt=\"\" width=\"300\" height=\"279\" \/><\/p>\n","protected":false},"featured_media":8652,"template":"","meta":{"_et_pb_use_builder":"","_et_pb_old_content":"","_et_gb_content_width":"","spay_email":"","jetpack_publicize_message":"","jetpack_is_tweetstorm":false},"jetpack_publicize_connections":[],"jetpack_sharing_enabled":true,"_links":{"self":[{"href":"https:\/\/dilmah-ingatlan.hu\/index.php?rest_route=\/wp\/v2\/product\/8639"}],"collection":[{"href":"https:\/\/dilmah-ingatlan.hu\/index.php?rest_route=\/wp\/v2\/product"}],"about":[{"href":"https:\/\/dilmah-ingatlan.hu\/index.php?rest_route=\/wp\/v2\/types\/product"}],"wp:featuredmedia":[{"embeddable":true,"href":"https:\/\/dilmah-ingatlan.hu\/index.php?rest_route=\/wp\/v2\/media\/8652"}],"wp:attachment":[{"href":"https:\/\/dilmah-ingatlan.hu\/index.php?rest_route=%2Fwp%2Fv2%2Fmedia&parent=8639"}],"curies":[{"name":"wp","href":"https:\/\/api.w.org\/{rel}","templated":true}]}}