{"id":8523,"date":"2025-09-28T11:25:26","date_gmt":"2025-09-28T09:25:26","guid":{"rendered":"https:\/\/dilmah-ingatlan.hu\/?post_type=product&#038;p=8523"},"modified":"2025-10-09T10:52:15","modified_gmt":"2025-10-09T08:52:15","slug":"vi-szondi-utcaban-butorozatlan-felujitott-lakas","status":"publish","type":"product","link":"https:\/\/dilmah-ingatlan.hu\/?product=vi-szondi-utcaban-butorozatlan-felujitott-lakas","title":{"rendered":"VI. Szondi utc\u00e1ban b\u00fatorozatlan, fel\u00faj\u00edtott lak\u00e1s"},"content":{"rendered":"<p>Kiad\u00f3 a VI. ker\u00fclet Szondi utc\u00e1ban egy fel\u00faj\u00edtott, harmadik emeleti, 70m2, 3 szob\u00e1s, fel\u00faj\u00edtott, erk\u00e9lyes lak\u00e1s.<\/p>\n<p>A lak\u00e1s szob\u00e1inak ablakai a t\u00e1rsash\u00e1z bels\u0151 udvar\u00e1ra n\u00e9znek, amely csendes \u00e9s f\u00e1kkal \u00f6vezett.<\/p>\n<p>Az ingatlan b\u00fatorozatlan \u00e9s r\u00e9szben g\u00e9pes\u00edtett. A h\u00e1l\u00f3szob\u00e1k l\u00e9gkondicion\u00e1ltak. A f\u0171t\u00e9se \u00e9s melegv\u00edz ell\u00e1t\u00e1sa kondenz\u00e1ci\u00f3s kaz\u00e1nnal t\u00f6rt\u00e9nik.<\/p>\n<p>K\u00f6z\u00f6s k\u00f6lts\u00e9ge v\u00edzd\u00edjjal egy\u00fctt 30.500,FT.<\/p>\n<p>Kis\u00e1llat megegyez\u00e9s szerint hozhat\u00f3.<\/p>\n<p>Infrastrukt\u00far\u00e1ja, elhelyezked\u00e9se kedvez\u0151, a V\u00e1rosliget gyalog is 8-10 perc alatt el\u00e9rhet\u0151, a Ter\u00e9z k\u00f6r\u00fat \u00e9s a Nyugati p\u00e1lyaudvar is k\u00f6nnyen el\u00e9rhet\u0151 t\u00f6megk\u00f6zleked\u00e9ssel is.<\/p>\n<p>Azonnal k\u00f6lt\u00f6zhet\u0151, 2 havi kauci\u00f3 \u00e9s 1 havi b\u00e9rleti d\u00edj megfizet\u00e9se ut\u00e1n, minimum 1 \u00e9ves b\u00e9rleti jogviszonnyal, k\u00f6zjegyz\u0151 el\u0151tt tett kik\u00f6lt\u00f6z\u00e9si nyilatkozat megt\u00e9tele ut\u00e1n.<\/p>\n<p>Megtekint\u00e9s el\u0151re egyeztetett id\u0151pontban t\u00f6rt\u00e9nik.<\/p>\n","protected":false},"excerpt":{"rendered":"<p>Kiad\u00f3 a VI. ker\u00fclet Szondi utc\u00e1ban egy fel\u00faj\u00edtott, harmadik emeleti, 70m2, 3 szob\u00e1s, fel\u00faj\u00edtott, erk\u00e9lyes lak\u00e1s. A lak\u00e1s szob\u00e1inak ablakai a t\u00e1rsash\u00e1z bels\u0151 udvar\u00e1ra n\u00e9znek, amely csendes \u00e9s f\u00e1kkal \u00f6vezett. Az ingatlan b\u00fatorozatlan \u00e9s r\u00e9szben g\u00e9pes\u00edtett. A h\u00e1l\u00f3szob\u00e1k l\u00e9gkondicion\u00e1ltak. A f\u0171t\u00e9se \u00e9s melegv\u00edz ell\u00e1t\u00e1sa kondenz\u00e1ci\u00f3s kaz\u00e1nnal t\u00f6rt\u00e9nik. K\u00f6z\u00f6s k\u00f6lts\u00e9ge v\u00edzd\u00edjjal egy\u00fctt 30.500,FT. Kis\u00e1llat megegyez\u00e9s szerint [&hellip;]<\/p>\n","protected":false},"featured_media":8529,"template":"","meta":{"_et_pb_use_builder":"","_et_pb_old_content":"","_et_gb_content_width":"","spay_email":"","jetpack_publicize_message":"","jetpack_is_tweetstorm":false},"jetpack_publicize_connections":[],"jetpack_sharing_enabled":true,"_links":{"self":[{"href":"https:\/\/dilmah-ingatlan.hu\/index.php?rest_route=\/wp\/v2\/product\/8523"}],"collection":[{"href":"https:\/\/dilmah-ingatlan.hu\/index.php?rest_route=\/wp\/v2\/product"}],"about":[{"href":"https:\/\/dilmah-ingatlan.hu\/index.php?rest_route=\/wp\/v2\/types\/product"}],"wp:featuredmedia":[{"embeddable":true,"href":"https:\/\/dilmah-ingatlan.hu\/index.php?rest_route=\/wp\/v2\/media\/8529"}],"wp:attachment":[{"href":"https:\/\/dilmah-ingatlan.hu\/index.php?rest_route=%2Fwp%2Fv2%2Fmedia&parent=8523"}],"curies":[{"name":"wp","href":"https:\/\/api.w.org\/{rel}","templated":true}]}}