{"id":8513,"date":"2025-09-28T11:20:26","date_gmt":"2025-09-28T09:20:26","guid":{"rendered":"https:\/\/dilmah-ingatlan.hu\/?post_type=product&#038;p=8513"},"modified":"2025-10-09T10:50:37","modified_gmt":"2025-10-09T08:50:37","slug":"8513","status":"publish","type":"product","link":"https:\/\/dilmah-ingatlan.hu\/?product=8513","title":{"rendered":"Kiad\u00f3 b\u00fatorozott lak\u00e1s"},"content":{"rendered":"<p>Kiad\u00f3 a XIII. ker\u00fclet Visegr\u00e1di utc\u00e1ban, liftes h\u00e1zban, egy harmadik emeleti, D-K t\u00e1jol\u00e1s\u00fa, 61m2, 2+1 szob\u00e1s, amerikai konyh\u00e1s, fel\u00faj\u00edtott lak\u00e1s!<\/p>\n<p>Az ingatlan b\u00fatorozott, g\u00e9pes\u00edtett, l\u00e9gkondicion\u00e1lt.<\/p>\n<p>G\u00e1zcirk\u00f3 f\u0171t\u00e9s\u0171, k\u00f6z\u00f6s k\u00f6lts\u00e9ge 19.800.Ft, \u00e1ltal\u00e1nos rezsik\u00f6lts\u00e9ge 12.500.Ft.<\/p>\n<p>Kis\u00e1llat megbesz\u00e9l\u00e9s szerint hozhat\u00f3.<\/p>\n<p>A lak\u00e1s k\u00e9t havi kauci\u00f3 + egy havi b\u00e9rleti d\u00edj ellen\u00e9ben k\u00f6lt\u00f6zhet\u0151 \u00e9s k\u00f6zjegyz\u0151i szerz\u0151d\u00e9s sz\u00fcks\u00e9ges a birtokbav\u00e9telhez.<\/p>\n<p>K\u00f6zponti elhelyezked\u00e9s\u00e9b\u0151l ad\u00f3d\u00f3an ( kiv\u00e1l\u00f3 BKK k\u00f6zleked\u00e9s, sz\u00e1mos kisbolt, bev\u00e1s\u00e1rl\u00f3 k\u00f6zpont) itt minden p\u00e1r perc s\u00e9t\u00e1val el\u00e9rhet\u0151.<\/p>\n<p>Megtekint\u00e9s el\u0151re egyeztetett id\u0151pontban lehets\u00e9ges.<\/p>\n","protected":false},"excerpt":{"rendered":"<p>Kiad\u00f3 a XIII. ker\u00fclet Visegr\u00e1di utc\u00e1ban, liftes h\u00e1zban, egy harmadik emeleti, D-K t\u00e1jol\u00e1s\u00fa, 61m2, 2+1 szob\u00e1s, amerikai konyh\u00e1s, fel\u00faj\u00edtott lak\u00e1s! Az ingatlan b\u00fatorozott, g\u00e9pes\u00edtett, l\u00e9gkondicion\u00e1lt. G\u00e1zcirk\u00f3 f\u0171t\u00e9s\u0171, k\u00f6z\u00f6s k\u00f6lts\u00e9ge 19.800.Ft, \u00e1ltal\u00e1nos rezsik\u00f6lts\u00e9ge 12.500.Ft. Kis\u00e1llat megbesz\u00e9l\u00e9s szerint hozhat\u00f3. A lak\u00e1s k\u00e9t havi kauci\u00f3 + egy havi b\u00e9rleti d\u00edj ellen\u00e9ben k\u00f6lt\u00f6zhet\u0151 \u00e9s k\u00f6zjegyz\u0151i szerz\u0151d\u00e9s sz\u00fcks\u00e9ges a birtokbav\u00e9telhez. [&hellip;]<\/p>\n","protected":false},"featured_media":8515,"template":"","meta":{"_et_pb_use_builder":"","_et_pb_old_content":"","_et_gb_content_width":"","spay_email":"","jetpack_publicize_message":"","jetpack_is_tweetstorm":false},"jetpack_publicize_connections":[],"jetpack_sharing_enabled":true,"_links":{"self":[{"href":"https:\/\/dilmah-ingatlan.hu\/index.php?rest_route=\/wp\/v2\/product\/8513"}],"collection":[{"href":"https:\/\/dilmah-ingatlan.hu\/index.php?rest_route=\/wp\/v2\/product"}],"about":[{"href":"https:\/\/dilmah-ingatlan.hu\/index.php?rest_route=\/wp\/v2\/types\/product"}],"wp:featuredmedia":[{"embeddable":true,"href":"https:\/\/dilmah-ingatlan.hu\/index.php?rest_route=\/wp\/v2\/media\/8515"}],"wp:attachment":[{"href":"https:\/\/dilmah-ingatlan.hu\/index.php?rest_route=%2Fwp%2Fv2%2Fmedia&parent=8513"}],"curies":[{"name":"wp","href":"https:\/\/api.w.org\/{rel}","templated":true}]}}