{"id":8167,"date":"2025-09-25T10:53:48","date_gmt":"2025-09-25T08:53:48","guid":{"rendered":"https:\/\/dilmah-ingatlan.hu\/?post_type=product&#038;p=8167"},"modified":"2025-10-09T11:27:18","modified_gmt":"2025-10-09T09:27:18","slug":"kiado-a-taban-kozeleben-panoramas-lakas","status":"publish","type":"product","link":"https:\/\/dilmah-ingatlan.hu\/?product=kiado-a-taban-kozeleben-panoramas-lakas","title":{"rendered":"Kiad\u00f3 a Tab\u00e1n k\u00f6zel\u00e9ben panor\u00e1m\u00e1s lak\u00e1s!"},"content":{"rendered":"<p><span style=\"font-size: large\">Kiad\u00f3 az I. ker\u00fcletben a Tab\u00e1n k\u00f6zel\u00e9ben, az Attila \u00faton egy liftes h\u00e1z, harmadik emeleti, j\u00f3 \u00e1llapot\u00fa, 80 m2-es, k\u00e9t szoba + hall lak\u00e1sa!<\/span><\/p>\n<p><span style=\"font-size: large\">A k\u00e9t szoba ablaka parkra n\u00e9z, a konyha pedig a bels\u0151 udvar fel\u00e9. N\u00e9gy m\u00e9teres belmagass\u00e1g\u00e1nak k\u00f6sz\u00f6nhet\u0151en kellemes a t\u00e9r \u00e9rzet, vil\u00e1gos, napf\u00e9nyes terek jellemzik a lak\u00e1st. A vastag falaknak k\u00f6sz\u00f6nhet\u0151en j\u00f3 a h\u0151szigetel\u00e9s, \u00edgy alacsony a rezsije. H\u0151 \u00e9s hangszigetelt ny\u00edl\u00e1sz\u00e1r\u00f3kkal rendelkezik \u00e9s cirk\u00f3 f\u0171t\u00e9ses az ingatlan. <\/span><\/p>\n<p><span style=\"font-size: large\">A lak\u00e1s berendezett, g\u00e9pes\u00edtett. A k\u00e9pen l\u00e1that\u00f3 zongora marad, ha valakinek ig\u00e9nye van r\u00e1.<\/span><\/p>\n<p><span style=\"font-size: large\">Kis\u00e1llat megegyez\u00e9s szerint hozhat\u00f3.<\/span><\/p>\n<p><span style=\"font-size: large\">K\u00f6z\u00f6s k\u00f6lts\u00e9g: 24.490.Ft v\u00edzd\u00edjjal egy\u00fctt.<\/span><\/p>\n<p><span style=\"font-size: large\">A lak\u00e1s okt\u00f3ber 1-t\u0151l k\u00f6lt\u00f6zhet\u0151, k\u00e9t havi b\u00e9rleti d\u00edj \u00e9s egy havi kauci\u00f3 ellen\u00e9ben.<\/span><\/p>\n<p><span style=\"font-size: large\">Megtekint\u00e9s el\u0151re egyeztetett id\u0151pontban t\u00f6rt\u00e9nik.<\/span><\/p>\n<p style=\"text-align: right\"><!--more--><\/p>\n","protected":false},"excerpt":{"rendered":"<p><img loading=\"lazy\" class=\"alignnone size-medium wp-image-8179\" src=\"https:\/\/dilmah-ingatlan.hu\/wp-content\/uploads\/2025\/09\/nagyszoba-02-1-300x200.jpg\" alt=\"\" width=\"300\" height=\"200\" \/><img loading=\"lazy\" class=\"alignnone size-medium wp-image-8180\" src=\"https:\/\/dilmah-ingatlan.hu\/wp-content\/uploads\/2025\/09\/nagyszoba-1-300x200.jpg\" alt=\"\" width=\"300\" height=\"200\" \/><img loading=\"lazy\" class=\"alignnone size-medium wp-image-8175\" src=\"https:\/\/dilmah-ingatlan.hu\/wp-content\/uploads\/2025\/09\/kisebbik-szoba-2-300x200.jpg\" alt=\"\" width=\"300\" height=\"200\" \/><img loading=\"lazy\" class=\"alignnone size-medium wp-image-8170\" src=\"https:\/\/dilmah-ingatlan.hu\/wp-content\/uploads\/2025\/09\/hall-3-300x200.jpg\" alt=\"\" width=\"300\" height=\"200\" \/><img loading=\"lazy\" class=\"alignnone size-medium wp-image-8178\" src=\"https:\/\/dilmah-ingatlan.hu\/wp-content\/uploads\/2025\/09\/konyha-1-300x200.jpg\" alt=\"\" width=\"300\" height=\"200\" \/><img loading=\"lazy\" class=\"alignnone size-medium wp-image-8169\" src=\"https:\/\/dilmah-ingatlan.hu\/wp-content\/uploads\/2025\/09\/d92e0994_original-3-300x199.jpg\" alt=\"\" width=\"300\" height=\"199\" \/><img loading=\"lazy\" class=\"alignnone size-medium wp-image-8168\" src=\"https:\/\/dilmah-ingatlan.hu\/wp-content\/uploads\/2025\/09\/81e2df50_original-2-300x200.jpg\" alt=\"\" width=\"300\" height=\"200\" \/><img loading=\"lazy\" class=\"alignnone size-medium wp-image-8173\" src=\"https:\/\/dilmah-ingatlan.hu\/wp-content\/uploads\/2025\/09\/kilatas-a-szobakbol-2-300x199.jpg\" alt=\"\" width=\"300\" height=\"199\" \/><img loading=\"lazy\" class=\"alignnone size-medium wp-image-8174\" src=\"https:\/\/dilmah-ingatlan.hu\/wp-content\/uploads\/2025\/09\/kilatas-kicsit-kihajolva-2-300x199.jpg\" alt=\"\" width=\"300\" height=\"199\" \/><img loading=\"lazy\" class=\"alignnone size-medium wp-image-8172\" src=\"https:\/\/dilmah-ingatlan.hu\/wp-content\/uploads\/2025\/09\/I._ker.-Attila-ut_alaprajz.ingatlan.com_-3-300x199.png\" alt=\"\" width=\"300\" height=\"199\" \/><\/p>\n","protected":false},"featured_media":8179,"template":"","meta":{"_et_pb_use_builder":"","_et_pb_old_content":"","_et_gb_content_width":"","spay_email":"","jetpack_publicize_message":"","jetpack_is_tweetstorm":false},"jetpack_publicize_connections":[],"jetpack_sharing_enabled":true,"_links":{"self":[{"href":"https:\/\/dilmah-ingatlan.hu\/index.php?rest_route=\/wp\/v2\/product\/8167"}],"collection":[{"href":"https:\/\/dilmah-ingatlan.hu\/index.php?rest_route=\/wp\/v2\/product"}],"about":[{"href":"https:\/\/dilmah-ingatlan.hu\/index.php?rest_route=\/wp\/v2\/types\/product"}],"wp:featuredmedia":[{"embeddable":true,"href":"https:\/\/dilmah-ingatlan.hu\/index.php?rest_route=\/wp\/v2\/media\/8179"}],"wp:attachment":[{"href":"https:\/\/dilmah-ingatlan.hu\/index.php?rest_route=%2Fwp%2Fv2%2Fmedia&parent=8167"}],"curies":[{"name":"wp","href":"https:\/\/api.w.org\/{rel}","templated":true}]}}