{"id":8078,"date":"2025-09-24T22:47:07","date_gmt":"2025-09-24T20:47:07","guid":{"rendered":"https:\/\/dilmah-ingatlan.hu\/?post_type=product&#038;p=8078"},"modified":"2025-09-24T23:11:06","modified_gmt":"2025-09-24T21:11:06","slug":"elado-lakas-fo-utca-i-kerulet-55m2","status":"publish","type":"product","link":"https:\/\/dilmah-ingatlan.hu\/?product=elado-lakas-fo-utca-i-kerulet-55m2","title":{"rendered":"Elad\u00f3 lak\u00e1s F\u0151 utca- I.ker\u00fclet-55m2"},"content":{"rendered":"<p>Teljesk\u00f6r\u0171en fel\u00faj\u00edtott, nappali + 2 szob\u00e1s lak\u00e1s elad\u00f3 a Batthy\u00e1ny t\u00e9r mellett, a F\u0151 utc\u00e1ban (I. ker\u00fclet, V\u00edziv\u00e1ros).<br \/>\nA 2. emeleti, liftes h\u00e1zban tal\u00e1lhat\u00f3 ingatlanban amerikai konyh\u00e1s nappali, k\u00e9t k\u00fcl\u00f6n ny\u00edl\u00f3 szoba, k\u00fcl\u00f6n f\u00fcrd\u0151 \u00e9s WC tal\u00e1lhat\u00f3. A fel\u00faj\u00edt\u00e1s 2025-ben t\u00f6rt\u00e9nt, \u00faj g\u00e9p\u00e9szet, ny\u00edl\u00e1sz\u00e1r\u00f3k, padl\u00f3f\u0171t\u00e9s (Viessmann kaz\u00e1n), kl\u00edma- \u00e9s riaszt\u00f3 el\u0151k\u00e9sz\u00edt\u00e9s is megt\u00f6rt\u00e9nt.<br \/>\nA konyha egyedi gy\u00e1rt\u00e1s\u00fa, be\u00e9p\u00edtett AEG\/Electrolux g\u00e9pekkel. A lak\u00e1s vil\u00e1gos, k\u00f6rfolyos\u00f3ra n\u00e9z.<br \/>\nA h\u00e1z rendezett, anyagilag stabil, 5 szintes, 24 lak\u00e1sos t\u00e1rsash\u00e1z.<br \/>\nKiv\u00e1l\u00f3 k\u00f6zleked\u00e9s: M2, buszok, villamosok p\u00e1r percre.<br \/>\nK\u00f6z\u00f6s k\u00f6lts\u00e9g: 15.000 Ft\/h\u00f3 (tartalmaz minden k\u00f6z\u00f6s k\u00f6lts\u00e9get).<br \/>\nParkol\u00e1s ker\u00fcleti enged\u00e9llyel lehets\u00e9ges.<\/p>\n<p>Azonnal k\u00f6lt\u00f6zhet\u0151! Ide\u00e1lis csal\u00e1dnak, fiatal p\u00e1rnak vagy befektet\u00e9snek.<br \/>\nA tulajdonos nyitott az alkura!<\/p>\n","protected":false},"excerpt":{"rendered":"<p>Teljesk\u00f6r\u0171en fel\u00faj\u00edtott, nappali + 2 szob\u00e1s lak\u00e1s elad\u00f3 a Batthy\u00e1ny t\u00e9r mellett, a F\u0151 utc\u00e1ban (I. ker\u00fclet, V\u00edziv\u00e1ros). A 2. emeleti, liftes h\u00e1zban tal\u00e1lhat\u00f3 ingatlanban amerikai konyh\u00e1s nappali, k\u00e9t k\u00fcl\u00f6n ny\u00edl\u00f3 szoba, k\u00fcl\u00f6n f\u00fcrd\u0151 \u00e9s WC tal\u00e1lhat\u00f3. A fel\u00faj\u00edt\u00e1s 2025-ben t\u00f6rt\u00e9nt, \u00faj g\u00e9p\u00e9szet, ny\u00edl\u00e1sz\u00e1r\u00f3k, padl\u00f3f\u0171t\u00e9s (Viessmann kaz\u00e1n), kl\u00edma- \u00e9s riaszt\u00f3 el\u0151k\u00e9sz\u00edt\u00e9s is megt\u00f6rt\u00e9nt. A konyha [&hellip;]<\/p>\n","protected":false},"featured_media":8101,"template":"","meta":{"_et_pb_use_builder":"","_et_pb_old_content":"","_et_gb_content_width":"","spay_email":"","jetpack_publicize_message":"","jetpack_is_tweetstorm":false},"jetpack_publicize_connections":[],"jetpack_sharing_enabled":true,"_links":{"self":[{"href":"https:\/\/dilmah-ingatlan.hu\/index.php?rest_route=\/wp\/v2\/product\/8078"}],"collection":[{"href":"https:\/\/dilmah-ingatlan.hu\/index.php?rest_route=\/wp\/v2\/product"}],"about":[{"href":"https:\/\/dilmah-ingatlan.hu\/index.php?rest_route=\/wp\/v2\/types\/product"}],"wp:featuredmedia":[{"embeddable":true,"href":"https:\/\/dilmah-ingatlan.hu\/index.php?rest_route=\/wp\/v2\/media\/8101"}],"wp:attachment":[{"href":"https:\/\/dilmah-ingatlan.hu\/index.php?rest_route=%2Fwp%2Fv2%2Fmedia&parent=8078"}],"curies":[{"name":"wp","href":"https:\/\/api.w.org\/{rel}","templated":true}]}}