{"id":8071,"date":"2025-09-24T22:42:45","date_gmt":"2025-09-24T20:42:45","guid":{"rendered":"https:\/\/dilmah-ingatlan.hu\/?post_type=product&#038;p=8071"},"modified":"2025-09-24T22:42:45","modified_gmt":"2025-09-24T20:42:45","slug":"ipari-mezogazdasagi-terulet-tanya-csaladi-hazzal-kisberzseny-veszprem-megye-75000m2","status":"publish","type":"product","link":"https:\/\/dilmah-ingatlan.hu\/?product=ipari-mezogazdasagi-terulet-tanya-csaladi-hazzal-kisberzseny-veszprem-megye-75000m2","title":{"rendered":"Ipari\/mez\u0151gazdas\u00e1gi ter\u00fclet, tanya csal\u00e1di h\u00e1zzal- Kisberzseny (Veszpr\u00e9m megye) &#8211; 75000m2"},"content":{"rendered":"<p>Veszpr\u00e9m megy\u00e9ben a 8-as f\u0151\u00fatt\u00f3l 700m-re, Veszpr\u00e9mt\u0151l 55 km-re, az osztr\u00e1k hat\u00e1rt\u00f3l 85 km-re, Budapestt\u0151l 170 km-re, \u00f6sszesen 5,7 ha ter\u00fclet\u0171 telephely\/tanya elad\u00f3:<\/p>\n<p>&#8211; 110 nm-es, 2002-ben \u00e9p\u00fclt, kit\u0171n\u0151 \u00e1llapot\u00fa csal\u00e1di h\u00e1z (rendezett, parkos\u00edtott k\u00f6rnyezet; kerti t\u00f3; 3 szoba + nappali + konyha + f\u00fcrd\u0151szoba + WC+t\u00e1rol\u00f3k + teraszok)<\/p>\n<p>&#8211; t\u00f6bb mez\u0151gazdas\u00e1gi \u00e9p\u00fclet (lebontott haszn\u00e1laton k\u00edv\u00fcli 880 nm ist\u00e1ll\u00f3, 270 nm ist\u00e1ll\u00f3, szarvasmarha ist\u00e1ll\u00f3, 540 nm befalazott sz\u00edn, 200 nm szalmat\u00e1rol\u00f3, 15 nm port\u00e1sf\u00fclke)<\/p>\n<p>&#8211; r\u00e9t+kasz\u00e1l\u00f3 (2,1 ha);<\/p>\n<p>&#8211; saj\u00e1t k\u00fat: \u00f6nt\u00f6z\u00e9sre haszn\u00e1lhat\u00f3, v\u00edzjogi enged\u00e9llyel m\u0171k\u00f6d\u0151<\/p>\n<p>&#8211; PB g\u00e1ztart\u00e1ly<\/p>\n<p>&#8211; ak\u00e1r ipari tev\u00e9kenys\u00e9gre is alkalmas infrastrukt\u00fara (villamos bet\u00e1p., v\u00edz- \u00e9s g\u00e1zh\u00e1l\u00f3zat)<\/p>\n<p>&#8211; b\u00e1rmilyen mez\u0151gazdas\u00e1gi tev\u00e9kenys\u00e9g v\u00e9gz\u00e9s\u00e9re t\u00f6k\u00e9letesen alkalmas<\/p>\n<p>&#8211; ker\u00edt\u00e9ssel k\u00f6r\u00fclhat\u00e1rolt majors\u00e1g, betonutakkal<\/p>\n<p>R\u00e9szletesebb inform\u00e1ci\u00f3\u00e9rt k\u00e9rem keressen.<\/p>\n","protected":false},"excerpt":{"rendered":"<p>Veszpr\u00e9m megy\u00e9ben a 8-as f\u0151\u00fatt\u00f3l 700m-re, Veszpr\u00e9mt\u0151l 55 km-re, az osztr\u00e1k hat\u00e1rt\u00f3l 85 km-re, Budapestt\u0151l 170 km-re, \u00f6sszesen 5,7 ha ter\u00fclet\u0171 telephely\/tanya elad\u00f3: &#8211; 110 nm-es, 2002-ben \u00e9p\u00fclt, kit\u0171n\u0151 \u00e1llapot\u00fa csal\u00e1di h\u00e1z (rendezett, parkos\u00edtott k\u00f6rnyezet; kerti t\u00f3; 3 szoba + nappali + konyha + f\u00fcrd\u0151szoba + WC+t\u00e1rol\u00f3k + teraszok) &#8211; t\u00f6bb mez\u0151gazdas\u00e1gi \u00e9p\u00fclet (lebontott haszn\u00e1laton [&hellip;]<\/p>\n","protected":false},"featured_media":8074,"template":"","meta":{"_et_pb_use_builder":"","_et_pb_old_content":"","_et_gb_content_width":"","spay_email":"","jetpack_publicize_message":"","jetpack_is_tweetstorm":false},"jetpack_publicize_connections":[],"jetpack_sharing_enabled":true,"_links":{"self":[{"href":"https:\/\/dilmah-ingatlan.hu\/index.php?rest_route=\/wp\/v2\/product\/8071"}],"collection":[{"href":"https:\/\/dilmah-ingatlan.hu\/index.php?rest_route=\/wp\/v2\/product"}],"about":[{"href":"https:\/\/dilmah-ingatlan.hu\/index.php?rest_route=\/wp\/v2\/types\/product"}],"wp:featuredmedia":[{"embeddable":true,"href":"https:\/\/dilmah-ingatlan.hu\/index.php?rest_route=\/wp\/v2\/media\/8074"}],"wp:attachment":[{"href":"https:\/\/dilmah-ingatlan.hu\/index.php?rest_route=%2Fwp%2Fv2%2Fmedia&parent=8071"}],"curies":[{"name":"wp","href":"https:\/\/api.w.org\/{rel}","templated":true}]}}