{"id":815,"date":"2020-08-03T14:14:17","date_gmt":"2020-08-03T12:14:17","guid":{"rendered":"http:\/\/localhost:8888\/dilmah\/?page_id=815"},"modified":"2024-01-24T14:44:52","modified_gmt":"2024-01-24T12:44:52","slug":"rolunk","status":"publish","type":"page","link":"https:\/\/dilmah-ingatlan.hu\/?page_id=815","title":{"rendered":"R\u00f3lunk"},"content":{"rendered":"<p>[et_pb_section fb_built=&#8221;1&#8243; fullwidth=&#8221;on&#8221; _builder_version=&#8221;4.8.2&#8243; _module_preset=&#8221;default&#8221;][et_pb_fullwidth_image src=&#8221;https:\/\/dilmah-ingatlan.hu\/wp-content\/uploads\/2024\/01\/dilmah-group.png&#8221; _builder_version=&#8221;4.8.2&#8243; _module_preset=&#8221;default&#8221; title_text=&#8221;dilmah-group&#8221; hover_enabled=&#8221;0&#8243; sticky_enabled=&#8221;0&#8243;][\/et_pb_fullwidth_image][\/et_pb_section][et_pb_section fb_built=&#8221;1&#8243; custom_padding_last_edited=&#8221;off|desktop&#8221; next_background_color=&#8221;#ffffff&#8221; admin_label=&#8221;Header&#8221; _builder_version=&#8221;4.5.5&#8243; background_color=&#8221;#565656&#8243; use_background_color_gradient=&#8221;on&#8221; background_color_gradient_start=&#8221;#bfc1c1&#8243; background_color_gradient_end=&#8221;#89a85a&#8221; background_color_gradient_direction=&#8221;90deg&#8221; background_color_gradient_start_position=&#8221;50%&#8221; background_color_gradient_end_position=&#8221;50%&#8221; background_enable_image=&#8221;off&#8221; background_size=&#8221;initial&#8221; background_position=&#8221;center_right&#8221; background_blend=&#8221;overlay&#8221; width=&#8221;100%&#8221; max_width=&#8221;100%&#8221; max_width_tablet=&#8221;&#8221; max_width_phone=&#8221;&#8221; max_width_last_edited=&#8221;on|desktop&#8221; height=&#8221;682px&#8221; custom_padding=&#8221;0vw||0vw||true|&#8221; custom_padding_tablet=&#8221;5vw||5vw||true&#8221; bottom_divider_style=&#8221;arrow&#8221; bottom_divider_height=&#8221;500px&#8221; bottom_divider_repeat=&#8221;0x&#8221; background_last_edited=&#8221;on|phone&#8221; use_background_color_gradient_tablet=&#8221;on&#8221; use_background_color_gradient_phone=&#8221;on&#8221; background_color_gradient_start_tablet=&#8221;#efefef&#8221; background_color_gradient_start_position_tablet=&#8221;73%&#8221; background_color_gradient_start_position_phone=&#8221;100%&#8221; background_position_tablet=&#8221;top_left&#8221; global_module=&#8221;788&#8243; saved_tabs=&#8221;all&#8221; locked=&#8221;off&#8221;][et_pb_row admin_label=&#8221;Sor&#8221; _builder_version=&#8221;4.5.1&#8243; background_enable_image=&#8221;off&#8221; custom_padding=&#8221;27px|||||&#8221; use_custom_width=&#8221;on&#8221; width_unit=&#8221;off&#8221; custom_width_percent=&#8221;100%&#8221; locked=&#8221;off&#8221;][et_pb_column type=&#8221;4_4&#8243; _builder_version=&#8221;3.25&#8243; custom_padding=&#8221;|||&#8221; custom_padding__hover=&#8221;|||&#8221;][et_pb_text admin_label=&#8221;Sz\u00f6veg&#8221; _builder_version=&#8221;4.5.1&#8243; text_font=&#8221;||||||||&#8221; header_font=&#8221;Prata||||||||&#8221; header_text_align=&#8221;center&#8221; header_text_color=&#8221;#333333&#8243; header_font_size=&#8221;150px&#8221; header_2_font=&#8221;|700||on|||||&#8221; header_2_text_align=&#8221;left&#8221; header_2_text_color=&#8221;rgba(0,0,0,0.28)&#8221; header_2_font_size=&#8221;14px&#8221; header_2_letter_spacing=&#8221;5px&#8221; header_2_line_height=&#8221;2em&#8221; transform_translate_linked=&#8221;off&#8221; max_width=&#8221;100%&#8221; max_width_tablet=&#8221;70%&#8221; max_width_last_edited=&#8221;off|phone&#8221; header_font_size_tablet=&#8221;80px&#8221; header_font_size_phone=&#8221;50px&#8221; header_font_size_last_edited=&#8221;on|phone&#8221;]<\/p>\n<h2>Ingatlanok mindenkinek<\/h2>\n<p>[\/et_pb_text][\/et_pb_column][\/et_pb_row][et_pb_row _builder_version=&#8221;4.8.2&#8243; _module_preset=&#8221;default&#8221;][et_pb_column type=&#8221;4_4&#8243; _builder_version=&#8221;4.8.2&#8243; _module_preset=&#8221;default&#8221;][\/et_pb_column][\/et_pb_row][et_pb_row column_structure=&#8221;1_4,1_4,1_4,1_4&#8243; make_equal=&#8221;on&#8221; _builder_version=&#8221;4.5.5&#8243; _module_preset=&#8221;default&#8221; background_color=&#8221;rgba(0,0,0,0)&#8221; width=&#8221;100%&#8221; max_width=&#8221;1031px&#8221; custom_margin=&#8221;||||false|false&#8221; custom_padding=&#8221;|50px||50px|false|true&#8221; box_shadow_style=&#8221;preset1&#8243; box_shadow_color=&#8221;#b5b5b5&#8243;][et_pb_column type=&#8221;1_4&#8243; _builder_version=&#8221;4.5.2&#8243; _module_preset=&#8221;default&#8221;][et_pb_text _builder_version=&#8221;4.8.2&#8243; _module_preset=&#8221;default&#8221;]<\/p>\n<h5>\u00c9rt\u00e9kes\u00edt\u00e9s<\/h5>\n<p>Ingatlanok nagy mennyis\u00e9gben<\/p>\n<p>[\/et_pb_text][\/et_pb_column][et_pb_column type=&#8221;1_4&#8243; _builder_version=&#8221;4.5.2&#8243; _module_preset=&#8221;default&#8221;][et_pb_text _builder_version=&#8221;4.5.2&#8243; _module_preset=&#8221;default&#8221;]<\/p>\n<h5>B\u00e9rbead\u00e1s<\/h5>\n<p>\u00dcgyfeleink igenyi szerint<\/p>\n<p>[\/et_pb_text][\/et_pb_column][et_pb_column type=&#8221;1_4&#8243; _builder_version=&#8221;4.5.2&#8243; _module_preset=&#8221;default&#8221;][et_pb_text _builder_version=&#8221;4.5.2&#8243; _module_preset=&#8221;default&#8221;]<\/p>\n<h5>\u00c9rt\u00e9kbecsl\u00e9s<\/h5>\n<p>Szakmai felm\u00e9r\u00e9s<\/p>\n<p>[\/et_pb_text][\/et_pb_column][et_pb_column type=&#8221;1_4&#8243; _builder_version=&#8221;4.5.2&#8243; _module_preset=&#8221;default&#8221;][et_pb_text _builder_version=&#8221;4.5.4&#8243; _module_preset=&#8221;default&#8221;]<\/p>\n<h4>Teljes k\u00f6r\u0171 Fel\u00faj\u00edt\u00e1sok<\/h4>\n<p>\u00e9s \u00e9p\u00fclet takar\u00edt\u00e1s<\/p>\n<p>[\/et_pb_text][\/et_pb_column][\/et_pb_row][\/et_pb_section][et_pb_section fb_built=&#8221;1&#8243; _builder_version=&#8221;4.8.2&#8243; _module_preset=&#8221;default&#8221;][et_pb_row _builder_version=&#8221;4.8.2&#8243; _module_preset=&#8221;default&#8221;][et_pb_column type=&#8221;4_4&#8243; _builder_version=&#8221;4.8.2&#8243; _module_preset=&#8221;default&#8221;][et_pb_testimonial portrait_url=&#8221;data:image\/svg+xml;base64,PHN2ZyB3aWR0aD0iNTAwIiBoZWlnaHQ9IjUwMCIgdmlld0JveD0iMCAwIDUwMCA1MDAiIHhtbG5zPSJodHRwOi8vd3d3LnczLm9yZy8yMDAwL3N2ZyI+CiAgICA8ZyBmaWxsPSJub25lIiBmaWxsLXJ1bGU9ImV2ZW5vZGQiPgogICAgICAgIDxwYXRoIGZpbGw9IiNFQkVCRUIiIGQ9Ik0wIDBoNTAwdjUwMEgweiIvPgogICAgICAgIDxyZWN0IGZpbGwtb3BhY2l0eT0iLjEiIGZpbGw9IiMwMDAiIHg9IjY4IiB5PSIzMDUiIHdpZHRoPSIzNjQiIGhlaWdodD0iNTY4IiByeD0iMTgyIi8+CiAgICAgICAgPGNpcmNsZSBmaWxsLW9wYWNpdHk9Ii4xIiBmaWxsPSIjMDAwIiBjeD0iMjQ5IiBjeT0iMTcyIiByPSIxMDAiLz4KICAgIDwvZz4KPC9zdmc+Cg==&#8221; _builder_version=&#8221;4.8.2&#8243; _module_preset=&#8221;default&#8221;]<\/p>\n<h3><span><strong>Bemutatkoz\u00e1s<\/strong><\/span><\/h3>\n<div>C\u00e9g\u00fcnket \u00a02019-ben alap\u00edtottuk \u00e9s az\u00f3ta is folyamatosan m\u0171k\u00f6dik.<\/div>\n<div>\n<p>Jelenleg\u00a0 3 irod\u00e1ban folytatjuk ingatlanokkal kapcsolatos szakmai tev\u00e9kenys\u00e9g\u00fcnket,<\/p>\n<div>Magyarorsz\u00e1g minden hirdet\u0151\u00a0port\u00e1lj\u00e1n jelen vagyunk, igy kiterjedt \u00fcgyf\u00e9lk\u00f6rrel \u00e9s ingatlan adatb\u00e1zissal rendelkez\u00fcnk.<\/div>\n<div><\/div>\n<div><\/div>\n<div>K\u00fclf\u00f6ld\u00f6n 11 Orsz\u00e1gban vannak folyamatosan megjelen\u0151 hirdet\u00e9seink.<\/div>\n<\/div>\n<div><\/div>\n<div>\u00c9rt\u00e9kes\u00edt\u0151inknek folyamatosan tov\u00e1bbk\u00e9pz\u00e9seket szervez\u00fcnk, \u00edgy mindig naprak\u00e9sz inform\u00e1ci\u00f3kat \u00e9s ismereteket saj\u00e1t\u00edthatnak el a piac ig\u00e9nyeinek megfelel\u0151en.<\/div>\n<div><\/div>\n<div><\/div>\n<div>C\u00e9g\u00fcnk tev\u00e9kenys\u00e9gei k\u00f6z\u00e9 tartozik:<\/div>\n<ul>\n<li><strong><span>Ingatlan \u00e9rt\u00e9kes\u00edt\u00e9s<\/span><\/strong><\/li>\n<li><strong><span>B\u00e9rbead\u00e1s<\/span><\/strong><\/li>\n<li><strong><span>\u00c9rt\u00e9kbecsl\u00e9s<\/span><\/strong><\/li>\n<li><strong><span>Hitelk\u00f6zvet\u00edt\u00e9s<\/span><\/strong><\/li>\n<li><strong><span>Biztos\u00edt\u00e1sok<\/span><\/strong><\/li>\n<li><strong><span>\u00c9p\u00fcletek teljes k\u00f6r\u0171 fel\u00faj\u00edt\u00e1sa,<\/span><\/strong><\/li>\n<li><strong><span>\u00c9p\u00fcletek takar\u00edt\u00e1sa<\/span><\/strong><\/li>\n<\/ul>\n<div><\/div>\n<div>C\u00e9g\u00fcnkn\u00e9l : 3 \u00dcgyv\u00e9di Iroda, egy Ad\u00f3jog\u00e1sz is seg\u00edti \u00fcgyfeleinket.<\/div>\n<div><\/div>\n<div>K\u00fclf\u00f6ldi \u00fcgyfelek:<\/div>\n<ul>\n<li>Szentp\u00e9terv\u00e1r<\/li>\n<li>Izrael<\/li>\n<li>N\u00e9metorsz\u00e1g<\/li>\n<li>Ausztria<\/li>\n<li>Csehorsz\u00e1g<\/li>\n<\/ul>\n<div><\/div>\n<div>Az \u00e9rt\u00e9kes\u00edt\u0151ink\u00a0a h\u00e9t minden napj\u00e1n \u00fcgyfeleink rendelkez\u00e9s\u00e9re \u00e1llnak.<\/div>\n<div><\/div>\n<div>Irod\u00e1ink c\u00edmei:<\/div>\n<div><\/div>\n<div>\n<div>\n<div><span>1077\u00a0<\/span>Budapest,<span>\u00a0<\/span><span>Alm\u00e1ssy t\u00e9r 17. 1\/25<\/span><\/div>\n<div><\/div>\n<div><span>1137\u00a0<\/span>Budapest,\u00a0<span>Pozsonyi \u00fat 32.<\/span><\/div>\n<\/div>\n<div>Si\u00f3fok, Aranypart<\/div>\n<div><\/div>\n<div><\/div>\n<\/div>\n<div><\/div>\n<div>Irod\u00e1ink nyitva\u00a0tartanak a h\u00e9t minden napj\u00e1n<\/div>\n<div><\/div>\n<div>9 \u00f3r\u00e1t\u00f3l este 18 \u00f3r\u00e1ig<\/div>\n<div><\/div>\n<div>email c\u00edm\u00fcnk: <a href=\"mailto:ingatlaniroda.aa@gmail.com\">ingatlaniroda.aa@gmail.com<\/a><\/div>\n<div><\/div>\n<div>k\u00f6zponti iroda sz\u00e1m:<span>\u00a0+36 70 560 7734<\/span><\/div>\n<p>[\/et_pb_testimonial][\/et_pb_column][\/et_pb_row][\/et_pb_section][et_pb_section fb_built=&#8221;1&#8243; fullwidth=&#8221;on&#8221; _builder_version=&#8221;4.5.2&#8243; _module_preset=&#8221;default&#8221;][et_pb_fullwidth_image src=&#8221;https:\/\/dilmah-ingatlan.hu\/wp-content\/uploads\/2020\/08\/startup-24.jpg&#8221; title_text=&#8221;startup-24&#8243; _builder_version=&#8221;4.5.6&#8243; _module_preset=&#8221;default&#8221; width=&#8221;81%&#8221; module_alignment=&#8221;center&#8221; box_shadow_style=&#8221;preset1&#8243;][\/et_pb_fullwidth_image][\/et_pb_section][et_pb_section fb_built=&#8221;1&#8243; admin_label=&#8221;Footer&#8221; _builder_version=&#8221;3.24&#8243; background_size=&#8221;initial&#8221; background_repeat=&#8221;repeat-y&#8221; custom_padding=&#8221;0px|||||&#8221; saved_tabs=&#8221;all&#8221; locked=&#8221;off&#8221;][et_pb_row _builder_version=&#8221;4.5.2&#8243; _module_preset=&#8221;default&#8221;][et_pb_column type=&#8221;4_4&#8243; _builder_version=&#8221;4.5.2&#8243; _module_preset=&#8221;default&#8221;][et_pb_text _builder_version=&#8221;4.5.2&#8243; _module_preset=&#8221;default&#8221;][\/et_pb_text][\/et_pb_column][\/et_pb_row][\/et_pb_section]<\/p>\n","protected":false},"excerpt":{"rendered":"<p>[et_pb_section fb_built=&#8221;1&#8243; fullwidth=&#8221;on&#8221; _builder_version=&#8221;4.8.2&#8243; _module_preset=&#8221;default&#8221;][et_pb_fullwidth_image src=&#8221;https:\/\/dilmah-ingatlan.hu\/wp-content\/uploads\/2024\/01\/dilmah-group.png&#8221; _builder_version=&#8221;4.8.2&#8243; _module_preset=&#8221;default&#8221; title_text=&#8221;dilmah-group&#8221; hover_enabled=&#8221;0&#8243; sticky_enabled=&#8221;0&#8243;][\/et_pb_fullwidth_image][\/et_pb_section][et_pb_section fb_built=&#8221;1&#8243; custom_padding_last_edited=&#8221;off|desktop&#8221; next_background_color=&#8221;#ffffff&#8221; admin_label=&#8221;Header&#8221; _builder_version=&#8221;4.5.5&#8243; background_color=&#8221;#565656&#8243; use_background_color_gradient=&#8221;on&#8221; background_color_gradient_start=&#8221;#bfc1c1&#8243; background_color_gradient_end=&#8221;#89a85a&#8221; background_color_gradient_direction=&#8221;90deg&#8221; background_color_gradient_start_position=&#8221;50%&#8221; background_color_gradient_end_position=&#8221;50%&#8221; background_enable_image=&#8221;off&#8221; background_size=&#8221;initial&#8221; background_position=&#8221;center_right&#8221; background_blend=&#8221;overlay&#8221; width=&#8221;100%&#8221; max_width=&#8221;100%&#8221; max_width_tablet=&#8221;&#8221; max_width_phone=&#8221;&#8221; max_width_last_edited=&#8221;on|desktop&#8221; height=&#8221;682px&#8221; custom_padding=&#8221;0vw||0vw||true|&#8221; custom_padding_tablet=&#8221;5vw||5vw||true&#8221; bottom_divider_style=&#8221;arrow&#8221; bottom_divider_height=&#8221;500px&#8221; bottom_divider_repeat=&#8221;0x&#8221; background_last_edited=&#8221;on|phone&#8221; use_background_color_gradient_tablet=&#8221;on&#8221; use_background_color_gradient_phone=&#8221;on&#8221; background_color_gradient_start_tablet=&#8221;#efefef&#8221; background_color_gradient_start_position_tablet=&#8221;73%&#8221; background_color_gradient_start_position_phone=&#8221;100%&#8221; background_position_tablet=&#8221;top_left&#8221; global_module=&#8221;788&#8243; saved_tabs=&#8221;all&#8221; locked=&#8221;off&#8221;][et_pb_row admin_label=&#8221;Sor&#8221; _builder_version=&#8221;4.5.1&#8243; background_enable_image=&#8221;off&#8221; custom_padding=&#8221;27px|||||&#8221; use_custom_width=&#8221;on&#8221; width_unit=&#8221;off&#8221; custom_width_percent=&#8221;100%&#8221; [&hellip;]<\/p>\n","protected":false},"author":1,"featured_media":0,"parent":0,"menu_order":0,"comment_status":"closed","ping_status":"closed","template":"","meta":{"_et_pb_use_builder":"on","_et_pb_old_content":"","_et_gb_content_width":"","spay_email":""},"jetpack_sharing_enabled":true,"_links":{"self":[{"href":"https:\/\/dilmah-ingatlan.hu\/index.php?rest_route=\/wp\/v2\/pages\/815"}],"collection":[{"href":"https:\/\/dilmah-ingatlan.hu\/index.php?rest_route=\/wp\/v2\/pages"}],"about":[{"href":"https:\/\/dilmah-ingatlan.hu\/index.php?rest_route=\/wp\/v2\/types\/page"}],"author":[{"embeddable":true,"href":"https:\/\/dilmah-ingatlan.hu\/index.php?rest_route=\/wp\/v2\/users\/1"}],"replies":[{"embeddable":true,"href":"https:\/\/dilmah-ingatlan.hu\/index.php?rest_route=%2Fwp%2Fv2%2Fcomments&post=815"}],"version-history":[{"count":25,"href":"https:\/\/dilmah-ingatlan.hu\/index.php?rest_route=\/wp\/v2\/pages\/815\/revisions"}],"predecessor-version":[{"id":7062,"href":"https:\/\/dilmah-ingatlan.hu\/index.php?rest_route=\/wp\/v2\/pages\/815\/revisions\/7062"}],"wp:attachment":[{"href":"https:\/\/dilmah-ingatlan.hu\/index.php?rest_route=%2Fwp%2Fv2%2Fmedia&parent=815"}],"curies":[{"name":"wp","href":"https:\/\/api.w.org\/{rel}","templated":true}]}}